83.
11, 164653
List the prime factors of 102645.
3, 5, 2281
What are the prime factors of 1947765?
3, 5, 89, 1459
List the prime factors of 224596.
2, 56149
List the prime factors of 2195245.
5, 13, 33773
What are the prime factors of 26715778?
2, 13357889
List the prime factors of 4948972.
2, 7, 17, 37, 281
List the prime factors of 860636.
2, 7, 4391
List the prime factors of 675939.
3, 11, 20483
What are the prime factors of 1646140?
2, 5, 82307
What are the prime factors of 3986914?
2, 1993457
List the prime factors of 2605437.
3, 17, 17029
What are the prime factors of 193611?
3, 11, 5867
List the prime factors of 3200546.
2, 1600273
What are the prime factors of 502080?
2, 3, 5, 523
List the prime factors of 77549.
77549
List the prime factors of 2956561.
2956561
List the prime factors of 905175.
3, 5, 149
List the prime factors of 372273.
3, 11, 29, 389
List the prime factors of 3629211.
3, 17, 71161
List the prime factors of 217703.
29, 7507
What are the prime factors of 35752?
2, 41, 109
List the prime factors of 56210.
2, 5, 7, 11, 73
List the prime factors of 255858.
2, 3, 42643
What are the prime factors of 12933072?
2, 3, 19, 29, 163
List the prime factors of 16913093.
16913093
List the prime factors of 139199.
139199
List the prime factors of 1409571.
3, 156619
What are the prime factors of 5594070?
2, 3, 5, 186469
What are the prime factors of 9243227?
7, 97, 13613
What are the prime factors of 364727?
11, 71, 467
What are the prime factors of 3112022?
2, 1556011
What are the prime factors of 11643488?
2, 197, 1847
List the prime factors of 2888491.
41, 70451
What are the prime factors of 426156?
2, 3, 17, 2089
List the prime factors of 2382692.
2, 13, 45821
List the prime factors of 130985.
5, 17, 23, 67
What are the prime factors of 323854?
2, 193, 839
What are the prime factors of 11051495?
5, 7, 13, 107, 227
What are the prime factors of 48083?
7, 6869
What are the prime factors of 3062790?
2, 3, 5, 34031
List the prime factors of 89016.
2, 3, 3709
List the prime factors of 5920436.
2, 349, 4241
List the prime factors of 252144.
2, 3, 17, 103
List the prime factors of 1779767.
11, 137, 1181
List the prime factors of 4977796.
2, 197, 6317
List the prime factors of 590173.
331, 1783
What are the prime factors of 82649?
7, 11807
What are the prime factors of 19650960?
2, 3, 5, 7, 557
What are the prime factors of 19058?
2, 13, 733
List the prime factors of 1576854.
2, 3, 29201
List the prime factors of 852315.
3, 5, 56821
List the prime factors of 235945.
5, 47189
What are the prime factors of 447108?
2, 3, 19, 37, 53
What are the prime factors of 517567?
349, 1483
List the prime factors of 11507096.
2, 17, 211, 401
List the prime factors of 135715.
5, 27143
List the prime factors of 2189355.
3, 5, 7, 29, 719
What are the prime factors of 576126?
2, 3, 47, 227
What are the prime factors of 1191181?
769, 1549
List the prime factors of 525558.
2, 3, 11, 7963
What are the prime factors of 213873?
3, 11, 6481
What are the prime factors of 114986?
2, 57493
List the prime factors of 580511.
613, 947
List the prime factors of 228177.
3, 313
List the prime factors of 70113.
3, 23371
What are the prime factors of 569664?
2, 3, 23, 43
What are the prime factors of 472633?
7, 251, 269
What are the prime factors of 2220309?
3, 7, 13, 2711
What are the prime factors of 788417?
7, 23, 59, 83
List the prime factors of 415330.
2, 5, 41, 1013
What are the prime factors of 124891?
13, 739
What are the prime factors of 3254712?
2, 3, 135613
List the prime factors of 52154.
2, 89, 293
What are the prime factors of 10211497?
10211497
What are the prime factors of 2379935?
5, 401, 1187
List the prime factors of 2312578.
2, 17, 4001
What are the prime factors of 4048002?
2, 3, 7, 10709
What are the prime factors of 180401?
13, 13877
What are the prime factors of 308877?
3, 149, 691
List the prime factors of 5385043.
5385043
List the prime factors of 53450.
2, 5, 1069
What are the prime factors of 1129061?
211, 5351
What are the prime factors of 149236?
2, 37309
What are the prime factors of 36820?
2, 5, 7, 263
What are the prime factors of 3580688?
2, 29, 7717
What are the prime factors of 17893326?
2, 3, 11, 19, 751
What are the prime factors of 700469?
7, 11, 827
List the prime factors of 2835262.
2, 1417631
List the prime factors of 933219.
3, 7, 14813
What are the prime factors of 88336?
2, 5521
List the prime factors of 2600748.
2, 3, 23, 349
What are the prime factors of 7710943?
2539, 3037
List the prime factors of 666628.
2, 166657
List the prime factors of 33491103.
3, 199, 56099
List the prime factors of 14055356.
2, 7, 71711
What are the prime factors of 1115721?
3, 31, 43
What are the prime factors of 7068131?
7, 61, 16553
What are the prime factors of 10593685?
5, 23, 92119
List the prime factors of 12879872.
2, 19, 331
List the prime factors of 261604.
2, 7, 9343
What are the prime factors of 10922386?
2, 29, 188317
What are the prime factors of 28386622?
2, 11, 37, 43, 811
What are the prime factors of 526060?
2, 5, 29, 907
List the prime factors of 7318220.
2, 5, 7, 13, 4021
What are the prime factors of 1644280?
2, 5, 11, 37, 101
List the prime factors of 805597.
13, 31, 1999
List the prime factors of 1000716.
2, 3, 89, 937
List the prime factors of 4083070.
2, 5, 229, 1783
What are the prime factors of 856260?
2, 3, 5, 67, 71
List the prime factors of 279833.
233, 1201
List the prime factors of 177596.
2, 29, 1531
List the prime factors of 232788.
2, 3, 19, 1021
List the prime factors of 1002886.
2, 47, 227
List the prime factors of 22224988.
2, 71, 139, 563
List the prime factors of 1012405.
5, 202481
List the prime factors of 162952.
2, 20369
List the prime factors of 306633.
3, 43, 2377
List the prime factors of 651533.
37, 17609
List the prime factors of 524163.
3, 174721
What are the prime factors of 6443282?
2, 3221641
List the prime factors of 465467.
191, 2437
List the prime factors of 16708958.
2, 7, 1193497
What are the prime factors of 1361798?
2, 349, 1951
What are the prime factors of 3740481?
3, 415609
What are the prime factors of 2084202?
2, 3, 89, 1301
List the prime factors of 424290.
2, 3, 5, 14143
List the prime factors of 14500880.
2, 5, 41, 4421
List the prime factors of 17742691.
229, 77479
What are the prime factors of 3465984?
2, 3, 4513
What are the prime factors of 4532932?
2, 23, 29, 1699
List the prime factors of 310550.
2, 5, 6211
What are the prime factors of 21476948?
2, 41, 130957
List the prime factors of 486820.
2, 5, 101, 241
What are the prime factors of 1622720?
2, 5, 11, 461
What are the prime factors of 332459?
311, 1069
List the prime factors of 7307789.
1327, 5507
What are the prime factors of 187597?
187597
What are the prime factors of 584100?
2, 3, 5, 11, 59
List the prime factors of 929016.
2, 3, 11, 17, 23
What are the prime factors of 36407698?
2, 18203849
List the prime factors of 30262951.
30262951
List the prime factors of 917957.
47, 19531
List the prime factors of 421061.
23, 18307
List the prime factors of 568487.
29, 19603
List the prime factors of 1588201.
107, 14843
List the prime factors of 545231.
545231
List the prime factors of 9952651.
43, 59, 3923
What are the prime factors of 1264181?
1087, 1163
What are the prime factors of 628457?
73, 8609
List the prime factors of 27205725.
3, 5, 362743
List the prime factors of 1744267.
7, 249181
List the prime factors of 927135.
3, 5, 11, 1873
List the prime factors of 187394.
2, 43, 2179
List the prime factors of 134562.
2, 3, 41, 547
List the prime factors of 6245505.
3, 5, 7, 2203
List the prime factors of 5463478.
2, 2731739
What are the prime factors of 95268?
2, 3, 17, 467
What are the prime factors of 186187?
186187
What are the prime factors of 5384403?
3, 79, 7573
What are the prime factors of 278911?
278911
What are the prime factors of 545006?
2, 7, 11, 3539
List the prime factors of 285447.
3, 17, 29, 193
List the prime factors of 766663.
367, 2089
What are the prime factors of 7136175?
3, 5, 17, 29, 193
List the prime factors of 106753.
106753
What are the prime factors of 2617482?
2, 3, 7, 29, 307
List the prime factors of 4559953.
67, 68059
List the prime factors of 8296350.
2, 3, 5, 19, 41, 71
List the prime fa